on divisor of 722853 and 36.
9
What is the highest common factor of 72230 and 932?
466
Calculate the highest common factor of 648 and 4512.
24
What is the greatest common factor of 546 and 14378?
182
What is the highest common factor of 392 and 33516?
196
What is the highest common factor of 1560 and 4875?
195
What is the highest common factor of 1400 and 55650?
350
What is the highest common divisor of 332862 and 957?
87
Calculate the highest common divisor of 1642318 and 62.
62
Calculate the highest common divisor of 2479 and 469.
67
What is the highest common factor of 3434 and 68276?
202
What is the highest common divisor of 84660 and 4590?
510
What is the highest common factor of 51350 and 26650?
650
What is the highest common divisor of 1104 and 8349?
69
What is the highest common divisor of 43716 and 12?
12
What is the greatest common divisor of 125663 and 2809?
53
Calculate the greatest common factor of 66 and 822514.
22
Calculate the highest common divisor of 13803 and 3999.
129
Calculate the highest common factor of 57 and 421401.
57
What is the greatest common factor of 28552 and 16?
8
What is the greatest common factor of 1317631 and 133?
133
Calculate the highest common divisor of 622738 and 206.
206
What is the highest common factor of 3353 and 573842?
479
Calculate the greatest common factor of 4992 and 2352.
48
What is the greatest common divisor of 41450 and 260?
10
What is the greatest common factor of 84 and 3869600?
28
What is the highest common divisor of 3641 and 3883?
11
Calculate the greatest common factor of 116 and 215416.
4
Calculate the highest common factor of 375741 and 11952.
747
What is the greatest common factor of 82 and 88478?
82
What is the greatest common divisor of 377 and 366763?
29
What is the greatest common factor of 209 and 19294?
11
What is the highest common factor of 1189192 and 1405?
281
What is the highest common divisor of 618 and 735008?
206
What is the highest common divisor of 402 and 73298?
134
What is the greatest common divisor of 156 and 3072?
12
What is the greatest common divisor of 1353548 and 28?
28
What is the greatest common divisor of 16900 and 7100?
100
Calculate the greatest common divisor of 540 and 25110.
270
What is the greatest common factor of 1299 and 18808221?
1299
Calculate the highest common divisor of 665 and 11856950.
665
Calculate the greatest common factor of 387 and 15696333.
387
What is the greatest common divisor of 4323 and 1221?
33
What is the highest common factor of 9202 and 344?
86
Calculate the greatest common factor of 132630 and 5.
5
What is the greatest common factor of 49113 and 306?
153
What is the highest common factor of 8229 and 1131?
39
What is the highest common divisor of 13376 and 2288?
176
Calculate the highest common divisor of 121825 and 165.
55
Calculate the highest common factor of 4141 and 31.
1
What is the highest common divisor of 6890 and 80?
10
What is the greatest common factor of 105 and 2445730?
35
What is the highest common factor of 207230 and 17?
17
Calculate the greatest common factor of 2892 and 235216.
964
What is the highest common factor of 4491643 and 130?
13
Calculate the highest common factor of 119 and 2069053.
119
Calculate the greatest common factor of 323 and 47413.
17
Calculate the greatest common divisor of 1674 and 108.
54
Calculate the highest common factor of 3737 and 10989.
37
What is the greatest common divisor of 6 and 166197?
3
What is the highest common factor of 1376 and 602?
86
Calculate the greatest common factor of 588666 and 1482.
78
Calculate the greatest common divisor of 56490 and 6720.
210
Calculate the highest common divisor of 636 and 147128.
212
What is the highest common divisor of 1264 and 1648?
16
Calculate the greatest common factor of 407 and 12918587.
407
What is the highest common divisor of 8140 and 154?
22
What is the highest common divisor of 1650 and 24222?
66
What is the greatest common factor of 97 and 6101591?
97
What is the highest common factor of 123988 and 4726?
278
Calculate the highest common factor of 107260 and 260.
20
What is the highest common divisor of 2904 and 6359034?
726
What is the highest common divisor of 2264451 and 357?
357
Calculate the highest common divisor of 152 and 57920.
8
What is the greatest common divisor of 57 and 1742490?
57
Calculate the greatest common factor of 7414 and 110.
22
What is the greatest common factor of 2582 and 6?
2
Calculate the greatest common divisor of 56 and 213878.
14
Calculate the highest common factor of 11092 and 1652.
236
What is the greatest common factor of 875996 and 7568?
1892
What is the greatest common factor of 1046675 and 175?
175
What is the greatest common divisor of 1704792 and 5943?
849
What is the highest common divisor of 1310 and 8646?
262
What is the greatest common factor of 43363 and 103?
103
What is the greatest common factor of 213 and 73911?
213
What is the greatest common factor of 13 and 6154291?
13
What is the highest common factor of 655759 and 2847?
949
What is the highest common divisor of 346959 and 1710?
171
What is the greatest common factor of 5159 and 90048?
469
What is the highest common divisor of 620673 and 171?
57
Calculate the greatest common divisor of 2690 and 5200.
10
Calculate the highest common divisor of 3996 and 910089.
999
Calculate the highest common divisor of 481750 and 1410.
470
What is the highest common factor of 101118 and 266?
38
What is the greatest common divisor of 12064 and 25056?
928
Calculate the greatest common divisor of 114 and 9690.
114
What is the greatest common divisor of 12060 and 8820?
180
Calculate the highest common factor of 362862 and 1368.
342
What is the greatest common divisor of 52 and 75556?
52
What is the greatest common divisor of 71760 and 4560?
240
Calculate the greatest common factor of 56 and 16984.
8
Calculate the greatest common divisor of 127490 and 5.
5
What is the greatest common divisor of 132 and 1588452?
12
Calculate the greatest common divisor of 205280 and 160.
160
What is the highest common divisor of 2398 and 704140?
218
What is the highest common divisor of 1539 and 32243?
19
What is the highest common factor of 42983 and 53?
53
What is the highest common divisor of 28 and 26845?
7
Calculate the greatest common divisor of 69 and 346679.
23
What is the greatest common factor of 137376 and 4536?
648
Calculate the greatest common factor of 815 and 144581.
163
Calculate the greatest common factor of 514 and 246977.
257
Calculate the greatest common divisor of 6393040 and 157.
157
Calculate the highest common factor of 37 and 9897389.
37
Calculate the highest common divisor of 585 and 2265.
15
Calculate the greatest common divisor of 7 and 412202.
7
Calculate the highest common divisor of 142 and 280521.
71
Calculate the highest common factor of 149086 and 69.
23
Calculate the greatest common divisor of 36 and 1179084.
12
What is the greatest common factor of 4730 and 120?
10
What is the greatest common factor of 14373 and 81?
9
What is the greatest common divisor of 109390 and 2?
2
Calculate the highest common factor of 473 and 17415.
43
Calculate the greatest common divisor of 1042090 and 70.
70
Calculate the highest common factor of 1 and 258329.
1
Calculate the highest common factor of 217792 and 4648.
664
Calculate the highest common factor of 31280 and 2576.
368
Calculate the highest common divisor of 86 and 80539.
43
What is the highest common divisor of 1981 and 1415?
283
What is the greatest common factor of 327148 and 1156?
1156
What is the greatest common divisor of 17622 and 3?
3
Calculate the highest common divisor of 423 and 576.
9
What is the greatest common divisor of 3466835 and 95?
95
Calculate the highest common factor of 6324 and 11975548.
2108
Calculate the highest common factor of 16837 and 1243.
113
Calculate the highest common factor of 141768 and 91648.
1432
Calculate the highest common factor of 2121 and 168.
21
What is the greatest common factor of 1787212 and 1736?
868
Calculate the greatest common factor of 3176 and 25336.
8
Calculate the highest common divisor of 236288 and 720.
16
Calculate the greatest common factor of 75097 and 110.
11
Calculate the highest common divisor of 4726 and 19210.
34
Calcul